-17a
In base 12, what is -4 + 1044?
1040
In base 2, what is -1101110 - 11001101?
-100111011
In base 8, what is -120 - 221?
-341
In base 11, what is -2 - 116?
-118
In base 15, what is 97 + 59?
101
In base 3, what is 22121112 - 2?
22121110
In base 15, what is 5 + 46?
4b
In base 12, what is 5 - -2550?
2555
In base 13, what is -8 + -33?
-3b
In base 3, what is 11101 + -1020?
10011
In base 13, what is -1b9 + b?
-1ab
In base 3, what is -11120 + 2?
-11111
In base 12, what is -b + 1?
-a
In base 14, what is 146 - -d?
155
In base 4, what is -3 + 121?
112
In base 14, what is -9 + 56?
4b
In base 11, what is 1120 + -5?
1116
In base 10, what is 0 - 134?
-134
In base 10, what is -1333 - 5?
-1338
In base 7, what is -14622 + -1?
-14623
In base 7, what is 3 - -103?
106
In base 15, what is -e - -16?
7
In base 7, what is 106 - 424?
-315
In base 7, what is 4000 + -21?
3646
In base 6, what is -20 - 0?
-20
In base 5, what is 1 + 223?
224
In base 6, what is -5 + 323?
314
In base 4, what is 2 - 1323?
-1321
In base 4, what is -1022133 + 0?
-1022133
In base 4, what is 3 - -101?
110
In base 10, what is 3943 - 5?
3938
In base 13, what is 19 - 382?
-366
In base 9, what is -1248 + -5?
-1254
In base 4, what is 23301 - -10?
23311
In base 2, what is -101 + 1000011?
111110
In base 6, what is 1 + 33001?
33002
In base 16, what is -8 - -f4?
ec
In base 10, what is 4 + -165?
-161
In base 8, what is -2 - 2670?
-2672
In base 7, what is -25 - -214?
156
In base 5, what is 31 + -1?
30
In base 8, what is 2630 - 2?
2626
In base 16, what is -6 + -7c?
-82
In base 16, what is 3 - 3e?
-3b
In base 7, what is -4 - -65?
61
In base 11, what is 662 + 5?
667
In base 6, what is 5 + 110312?
110321
In base 4, what is -10012 + -10?
-10022
In base 7, what is -1 + 34?
33
In base 11, what is -5 - 80a?
-814
In base 15, what is -3 + 32?
2e
In base 13, what is 0 + 44?
44
In base 14, what is -4 - 1777?
-177b
In base 3, what is 0 + 2000?
2000
In base 15, what is 227 + 9?
231
In base 8, what is 1 + 162?
163
In base 11, what is -30 + -130?
-160
In base 8, what is -3346 + -5?
-3353
In base 9, what is 23060 - -5?
23065
In base 8, what is -2 - -111?
107
In base 14, what is -1 - 97?
-98
In base 2, what is 100 - -1001111?
1010011
In base 9, what is -457 + -1?
-458
In base 15, what is 5d - 19?
44
In base 5, what is -231 + 14?
-212
In base 10, what is -5 + 64?
59
In base 6, what is 1152 - 2?
1150
In base 11, what is 436 - -1?
437
In base 12, what is 154 - -4?
158
In base 5, what is -343 + -10?
-403
In base 14, what is 4 - 9b?
-97
In base 13, what is 8 - 6c?
-64
In base 12, what is -3 + -15?
-18
In base 7, what is -1332 - -4?
-1325
In base 12, what is -3 + -617?
-61a
In base 3, what is 10010 + -2?
10001
In base 12, what is 56 + 3?
59
In base 8, what is -3 - -3226?
3223
In base 9, what is 8 + -385?
-376
In base 9, what is 3431 - -3?
3434
In base 11, what is -1 - a95?
-a96
In base 4, what is 311120 - -11?
311131
In base 13, what is 6c - 5?
67
In base 14, what is -4 - 74?
-78
In base 9, what is -1 - 140?
-141
In base 16, what is 6 + 1?
7
In base 14, what is -78 + 1?
-77
In base 4, what is 1323 + 0?
1323
In base 7, what is 153 - 54?
66
In base 12, what is 28 - 7?
21
In base 12, what is 10 + 11?
21
In base 5, what is 440 - -1?
441
In base 9, what is -237 - 0?
-237
In base 12, what is -2 + 48?
46
In base 2, what is 10 + 10000101?
10000111
In base 9, what is 1 + 855?
856
In base 3, what is -1 + -10221?
-10222
In base 16, what is -22b + -3?
-22e
In base 14, what is 8d1 - -4?
8d5
In base 10, what is -156 - -60?
-96
In base 3, what is -121 + 1022?
201
In base 16, what is 0 + 7f?
7f
In base 10, what is -335 + 2?
-333
In base 11, what is -86 + -1?
-87
In base 16, what is -a0d + 5?
-a08
In base 7, what is -34 - -20?
-14
In base 7, what is 12 - 603?
-561
In base 4, what is 320213 + 1?
320220
In base 5, what is 23 + 32?
110
In base 13, what is 148 - 1?
147
In base 13, what is -52 - -6?
-49
In base 3, what is 2 - 1122021?
-1122012
In base 4, what is 111 + -13?
32
In base 12, what is 2a76 + 2?
2a78
In base 5, what is 2 + -1031?
-1024
In base 5, what is -310231 - -4?
-310222
In base 8, what is 705 + -3?
702
In base 9, what is -200 + -4?
-204
In base 15, what is -1757 + -3?
-175a
In base 2, what is -10 - -1010000?
1001110
In base 3, what is -1122 + 11?
-1111
In base 14, what is 7 - 17?
-10
In base 10, what is 138 - -1?
139
In base 7, what is 551 - -25?
606
In base 7, what is -4 - -11243?
11236
In base 13, what is 0 + -3?
-3
In base 10, what is 492 + -1?
491
In base 3, what is 0 - -10201?
10201
In base 9, what is -16 - 36?
-53
In base 7, what is -3 - -33?
30
In base 16, what is f - 1b?
-c
In base 2, what is 1100100111 - 0?
1100100111
In base 5, what is -2 - 4430?
-4432
In base 10, what is 341 + 2?
343
In base 6, what is 1545 - -3?
1552
In base 2, what is -10 + 100100110?
100100100
In base 4, what is 12 - -231?
303
In base 2, what is -1 - -10111001111?
10111001110
In base 14, what is -101d - -5?
-1018
In base 7, what is -153 - -4?
-146
In base 5, what is -434 + -10?
-444
In base 6, what is 215 - 31?
144
In base 14, what is 7 - -b8?
c1
In base 13, what is -8 - -10?
5
In base 13, what is -56 + 3b?
-18
In base 2, what is 0 - 100111110101?
-100111110101
In base 5, what is 1 - -124?
130
In base 9, what is -33 - 5?
-38
In base 12, what is -32 - -1b?
-13
In base 4, what is -11 + 30?
13
In base 9, what is -4272 + 1?
-4271
In base 15, what is 4 + -12b?
-127
In base 10, what is 14 + -6?
8
In base 10, what is 80 - -3?
83
In base 16, what is -c - e?
-1a
In base 15, what is -58b5 + 2?
-58b3
In base 6, what is 3 + -1523?
-1520
In base 7, what is 15232 + 4?
15236
In base 3, what is 101021 + 20?
101111
In base 13, what is -1 - -825?
824
In base 10, what is -1 + -59?
-60
In base 6, what is 55 + 402?
501
In base 9, what is 141 - 0?
141
In base 14, what is 588 + 2?
58a
In base 2, what is -10 - -1101010?
1101000
In base 13, what is -4 + 35?
31
In base 8, what is -11 - -7?
-2
In base 8, what is 74 + -103?
-7
In base 11, what is 7 + -23?
-17
In base 4, what is 13 - 11122?
-11103
In base 4, what is 1302 + -110?
1132
In base 10, what is -1 - -42?
41
In base 13, what is 233 - -4?
237
In base 5, what is 121 + 13?
134
In base 9, what is 715 - 57?
647
In base 7, what is -1163 - 0?
-1163
In base 2, what is -100 + 100001110?
100001010
In base 2, what is 100 - -1010011011?
1010011111
In base 7, what is 55 - -13?
101
In base 5, what is 131232 - -4?
131241
In base 15, what is 3 + -10bc?
-10b9
In base 15, what is -b - 161?
-16c
In base 9, what is 113 + -2?
111
In base 14, what is -20 - 4?
-24
In base 4, what is -10132122 - -10?
-10132112
In base 15, what is -40 + 3?
-3c
In base 5, what is 4 - 213?
-204
In base 5, what is -13024 + -1?
-13030
In base 6, what is -10 + 23?
13
In base 12, what is a52 + -3?
a4b
In base 2, what is 1101000101 + 100?
1101001001
In base 14, what is 3da + 4?
400
In base 5, what is 213 - -1?
214
In base 3, what is 1100 + 20?
1120
In base 13, what is -c6 - -9?
-ba
In base 10, what is 5 + -1688?
-1683
In base 10, what is -843 - -3?
-840
In base 12, what is 5 - 344?
-33b
In base 7, what is 2 - 240?
-235
In base 4, what is -11002 + 2?
-11000
In base 13, what is -18 + 2?
-16
In base 15, what is -2a4 - -1?
-2a3
In base 3, what is -122100020 + 12?
-122100001
In base 14, what is 34 - 52?
-1c
In base 16, what is -2d + 4?
-29
In base 15, what is 162 - -1?
163
In base 2, what is 100 + 10010111?
10011011
In base 3, what is -121 + -110?
-1001
In base 3, what is -1 + -1211?
-1212
In base 16, what is -16 + -9?
-1f
In base 4, what is 120102 + 0?
120102
In base 16, what is 3 - -6e?
71
In base 8, what is 4 - 223?
-217
In base 10, what is 0 + 1196?
1196
In base 15, what is 6 - -29?
30
In base 2, what is 0 - 110001111110?
-110001111110
In base 10, what is -4001 + -4?
-4005
In base 4, what is 11 - 11110?
-11033
In base 4, what is 0 - -201?
201
In base 12, what is -4010 + -5?
-4015
In base 12, what is -1388 + 7?
-1381
In base 6, what is -2 - 1152?
-1154
In base 15, what is -4751 - -1?
-4750
In base 15, what is 23 - -1b?
3e
In base 2, what is 1 - -1011000101?
1011000110
In base 16, what is -360 + 3?
-35d
In base 3, what is 122 - -1000?
1122
In base 13, what is 22 + -5?
1a
In base 14, what is -5 - -14d?
148
In base 7, what is -101316 - -1?
-101315
In base 4, what is 223112